{"id":2,"date":"2011-06-21T17:48:17","date_gmt":"2011-06-21T17:48:17","guid":{"rendered":"http:\/\/www.dedaleseditions.com\/site\/?page_id=2"},"modified":"2024-01-22T11:33:33","modified_gmt":"2024-01-22T10:33:33","slug":"a-propos","status":"publish","type":"page","link":"https:\/\/www.dedaleseditions.com\/site\/a-propos\/","title":{"rendered":"\u00c0 propos"},"content":{"rendered":"<p><strong>Contact:<\/strong><br \/>\n<strong><span data-darkreader-inline-color=\"\"><a href=\"mailto:dedales.editions@gmail.com\" target=\"_blank\" rel=\"noopener\" data-darkreader-inline-color=\"\">dedales.editions@gmail.com<\/a><\/span><\/strong><\/p>\n<p><strong>Qui sommes nous?<br \/>\n<\/strong>D\u00e9dales est une association d\u2019artistes et d\u2019auteurs de bande dessin\u00e9e dont le but est de promouvoir leurs \u0153uvres et d&rsquo;\u00e9diter \u00e0 l&rsquo;occasion des projets singuliers.<\/p>\n<p><strong>Le projet, ses objectifs:<\/strong><br \/>\n&gt; Diffuser et promouvoir le travail de jeunes artistes<br \/>\n&gt; Aller \u00e0 la rencontre d\u2019un lectorat et partager une approche graphique innovante.<br \/>\n&gt; R\u00e9aliser un livre d\u2019art coh\u00e9rent et exigeant<br \/>\n&gt; Relever un vrai d\u00e9fi de professionnalisation dans le monde de l\u2019\u00e9dition.<\/p>\n<p><strong>Les \u00e9ditions D\u00e9dales:<\/strong><br \/>\nL\u2019association D\u00e9dales propose une r\u00e9flexion tant sur le fond que sur la forme d\u2019une \u00e9dition d\u2019artistes.<br \/>\nNotre d\u00e9marche est donc d\u2019intervenir tout au long du processus de conception, de r\u00e9alisation mais aussi de diffusion du projet.<\/p>\n<p><strong>Apporter sa contribution:<\/strong><br \/>\nSi vous souhaitez soutenir notre projet vous pouvez naturellement rejoindre notre association en prenant contact avec nous, mais vous pouvez plus simplement nous donner un petit coup de pouce financier&#8230;<\/p>\n<p><input name=\"hosted_button_id\" type=\"hidden\" value=\"RYK6DZG66W8XN\"><br \/>\n<input alt=\"PayPal - la solution de paiement en ligne la plus simple et la plus s\u00e9curis\u00e9e !\" name=\"submit\" src=\"https:\/\/www.paypalobjects.com\/fr_FR\/FR\/i\/btn\/btn_donateCC_LG.gif\" type=\"image\"><\/p>\n","protected":false},"excerpt":{"rendered":"<p>Contact: dedales.editions@gmail.com Qui sommes nous? D\u00e9dales est une association d\u2019artistes et d\u2019auteurs de bande dessin\u00e9e dont le but est de promouvoir leurs \u0153uvres et d&rsquo;\u00e9diter \u00e0 l&rsquo;occasion des projets singuliers. Le projet, ses objectifs: &gt; Diffuser et promouvoir le travail de jeunes artistes &gt; Aller \u00e0 la rencontre d\u2019un lectorat et partager une approche graphique [&hellip;]<\/p>\n","protected":false},"author":1,"featured_media":0,"parent":0,"menu_order":0,"comment_status":"closed","ping_status":"open","template":"","meta":{"ngg_post_thumbnail":0,"footnotes":""},"class_list":["post-2","page","type-page","status-publish","hentry"],"_links":{"self":[{"href":"https:\/\/www.dedaleseditions.com\/site\/wp-json\/wp\/v2\/pages\/2","targetHints":{"allow":["GET"]}}],"collection":[{"href":"https:\/\/www.dedaleseditions.com\/site\/wp-json\/wp\/v2\/pages"}],"about":[{"href":"https:\/\/www.dedaleseditions.com\/site\/wp-json\/wp\/v2\/types\/page"}],"author":[{"embeddable":true,"href":"https:\/\/www.dedaleseditions.com\/site\/wp-json\/wp\/v2\/users\/1"}],"replies":[{"embeddable":true,"href":"https:\/\/www.dedaleseditions.com\/site\/wp-json\/wp\/v2\/comments?post=2"}],"version-history":[{"count":2,"href":"https:\/\/www.dedaleseditions.com\/site\/wp-json\/wp\/v2\/pages\/2\/revisions"}],"predecessor-version":[{"id":2700,"href":"https:\/\/www.dedaleseditions.com\/site\/wp-json\/wp\/v2\/pages\/2\/revisions\/2700"}],"wp:attachment":[{"href":"https:\/\/www.dedaleseditions.com\/site\/wp-json\/wp\/v2\/media?parent=2"}],"curies":[{"name":"wp","href":"https:\/\/api.w.org\/{rel}","templated":true}]}}