{"id":2605,"date":"2023-11-03T16:45:55","date_gmt":"2023-11-03T15:45:55","guid":{"rendered":"http:\/\/www.dedaleseditions.com\/site\/?post_type=product&#038;p=2605"},"modified":"2023-11-22T22:48:54","modified_gmt":"2023-11-22T21:48:54","slug":"espoo","status":"publish","type":"product","link":"https:\/\/www.dedaleseditions.com\/site\/produit\/espoo\/","title":{"rendered":"ESPOO"},"content":{"rendered":"\n<p>Premier livre de <a rel=\"noreferrer noopener\" href=\"https:\/\/www.instagram.com\/felix.auvard\/\" target=\"_blank\"><strong>F\u00e9lix Auvard<\/strong><\/a>, ESPOO raconte le retour d\u2019un jeune homme en Finlande, un pays dans lequel il a v\u00e9cu enfant et o\u00f9 il n\u2019est pas retourn\u00e9 depuis plus de dix ans.<br>Ce livre est n\u00e9 d\u2019un besoin de coucher sur papier les images d\u2019une \u00e9poque r\u00e9volue dont il fallait se d\u00e9tacher en convoquant des r\u00e9f\u00e9rences graphiques et sc\u00e9naristiques des mondes de l\u2019animation et de la bande dessin\u00e9e des ann\u00e9es 2000.<\/p>\n","protected":false},"excerpt":{"rendered":"<p>Premier livre de <a rel=\"noreferrer noopener\" href=\"https:\/\/www.instagram.com\/felix.auvard\/\" target=\"_blank\"><strong>F\u00e9lix Auvard<\/strong><\/a>, ESPOO raconte le retour d\u2019un jeune homme en Finlande, un pays dans lequel il a v\u00e9cu enfant et o\u00f9 il n\u2019est pas retourn\u00e9 depuis plus de dix ans.<br \/>Ce livre est n\u00e9 d\u2019un besoin de coucher sur papier les images d\u2019une \u00e9poque r\u00e9volue dont il fallait se d\u00e9tacher en convoquant des r\u00e9f\u00e9rences graphiques et sc\u00e9naristiques des mondes de l\u2019animation et de la bande dessin\u00e9e des ann\u00e9es 2000.<\/p>\n","protected":false},"featured_media":2498,"template":"","meta":{"ngg_post_thumbnail":0},"product_brand":[],"product_cat":[138],"product_tag":[],"class_list":{"0":"post-2605","1":"product","2":"type-product","3":"status-publish","4":"has-post-thumbnail","6":"product_cat-collection-detours","8":"first","9":"instock","10":"taxable","11":"shipping-taxable","12":"purchasable","13":"product-type-simple"},"_links":{"self":[{"href":"https:\/\/www.dedaleseditions.com\/site\/wp-json\/wp\/v2\/product\/2605","targetHints":{"allow":["GET"]}}],"collection":[{"href":"https:\/\/www.dedaleseditions.com\/site\/wp-json\/wp\/v2\/product"}],"about":[{"href":"https:\/\/www.dedaleseditions.com\/site\/wp-json\/wp\/v2\/types\/product"}],"wp:featuredmedia":[{"embeddable":true,"href":"https:\/\/www.dedaleseditions.com\/site\/wp-json\/wp\/v2\/media\/2498"}],"wp:attachment":[{"href":"https:\/\/www.dedaleseditions.com\/site\/wp-json\/wp\/v2\/media?parent=2605"}],"wp:term":[{"taxonomy":"product_brand","embeddable":true,"href":"https:\/\/www.dedaleseditions.com\/site\/wp-json\/wp\/v2\/product_brand?post=2605"},{"taxonomy":"product_cat","embeddable":true,"href":"https:\/\/www.dedaleseditions.com\/site\/wp-json\/wp\/v2\/product_cat?post=2605"},{"taxonomy":"product_tag","embeddable":true,"href":"https:\/\/www.dedaleseditions.com\/site\/wp-json\/wp\/v2\/product_tag?post=2605"}],"curies":[{"name":"wp","href":"https:\/\/api.w.org\/{rel}","templated":true}]}}